{"id":4269,"date":"2022-07-23T11:45:06","date_gmt":"2022-07-23T16:45:06","guid":{"rendered":"https:\/\/asambleaalide.org\/Asambleas\/alide_53\/?page_id=4269"},"modified":"2023-04-19T09:03:20","modified_gmt":"2023-04-19T14:03:20","slug":"temario","status":"publish","type":"page","link":"https:\/\/asambleaalide.org\/Asambleas\/alide_53\/temario\/","title":{"rendered":"TEMARIO"},"content":{"rendered":"<h2>TEMARIO<\/h2>\n<p style=\"text-align: rigth;\"><a href=\"https:\/\/asambleaalide.org\/Asambleas\/alide_53\/\">Home <\/a> \/ Temario<\/p>\n<p>Desarrollando el Potencial Intr\u00ednseco de Am\u00e9rica Latina y del Caribe frente al Mundo: un<br \/>nuevo escenario y los desaf\u00edos y oportunidades para la banca de desarrollo<\/p>\n<h3>\n\t\t\t\t\t\tTema Central:<br \/>\n\t\t\t\t<\/h3>\n<p>\n\t\t\t\t\t\tDesarrollando el potencial intr\u00ednseco de Am\u00e9rica Latina y el Caribe frente al mundo: un<br \/>\nnuevo escenario y los desaf\u00edos y oportunidades para la banca de desarrollo\t\t\t\t\t<\/p>\n<p>A nivel global, vemos que en lo inmediato la disyuntiva entre crecimiento econ\u00f3mico e inflaci\u00f3n, se ha decantado por la alternativa de sacrificar crecimiento econ\u00f3mico y enfocarse en controlar la inflaci\u00f3n. El Fondo Monetario Internacional (FMI) proyecta que las econom\u00edas avanzadas tan solo crezcan un 1,1% mientras que las econom\u00edas en desarrollo alrededor del 3,7% para 2023. Am\u00e9rica Latina y el Caribe (ALC), no se espera que entre en recesi\u00f3n; pero tendr\u00e1 un magro crecimiento del 1.7%, en 2023, la mitad de lo estimado para el 2022, y un cuarto del 2021. Ello tendr\u00e1 efectos negativos en los pa\u00edses de ALC y crear\u00e1 escenarios m\u00e1s complicados cuando todav\u00eda vienen enfrentando las secuelas del Covid-19. Entonces, nuestras instituciones financieras de desarrollo tienen aqu\u00ed un primer gran desaf\u00edo, prestar atenci\u00f3n al corto plazo y a contrarrestar el ciclo econ\u00f3mico que se est\u00e1 dirigiendo hacia una desaceleraci\u00f3n o recesi\u00f3n.<\/p>\n<p>Como resultado de todo esto, algunos sectores considerados como estrat\u00e9gicos &#8212; agricultura, industria farmac\u00e9utica y de la salud, semiconductores, combustible y energ\u00edas limpias\u2014emergen con mayor fuerza; al mismo tiempo que se ha profundizado la estrecha vinculaci\u00f3n de las pol\u00edticas p\u00fablicas nacionales con las agendas y acuerdos internacionales, como el Acuerdo de Par\u00eds, los Objetivos de Desarrollo Sostenible, la seguridad energ\u00e9tica y alimentaria mundial y el medio ambiente.<\/p>\n<p>Por ello, la 53\u00aa Reuni\u00f3n de la Asamblea General de ALIDE analizar\u00e1 el potencial de Am\u00e9rica Latina para relacionarse en la econom\u00eda internacional con las diversas regiones del mundo, aprovechando la diversidad de sus recursos, atrayendo inversiones y empresas proveedoras de clase mundial para que se establezcan en la regi\u00f3n; y movilizando las propias capacidades internas y de los capitales de los connacionales provenientes del exterior. En ese sentido, ser\u00e1 importante discutir el rol de las pol\u00edticas p\u00fablicas y la acci\u00f3n de los bancos de desarrollo en un mundo de mayor diversificaci\u00f3n y participaci\u00f3n del Estado en el est\u00edmulo del desarrollo econ\u00f3mico, tal como ya se aprecia en diversos pa\u00edses, particularmente en las principales econom\u00edas desarrolladas a fin de reducir sus vulnerabilidades y dependencias.<\/p>\n<h3>\n\t\t\t\t\t\tTema 1:<br \/>\n\t\t\t\t<\/h3>\n<p>\n\t\t\t\t\t\tRol de las Pol\u00edticas P\u00fablicas para la Atracci\u00f3n de Inversionistas de Clase Mundialo\t\t\t\t\t<\/p>\n<p>Los hechos acontecidos a nivel global de los \u00faltimos a\u00f1os &#8211;COVID, afloramiento de vulnerabilidades de los sistemas de proveedores en los sistemas alimentarios, salud, energ\u00eda, as\u00ed como efectos de eventos clim\u00e1ticos y de \u00edndole geopol\u00edtica; est\u00e1n provocando un cambio en la posici\u00f3n de los Estados, en cuanto al apoyo desde la acci\u00f3n gubernamental para fortalecer la competitividad de las econom\u00edas, generar nuevas industrias, o provocar la instalaci\u00f3n de empresas en sectores considerados importantes, ya sea por razones de negocios, seguridad nacional, salud p\u00fablica y medio ambiente<\/p>\n<h3>\n\t\t\t\t\t\tTema 2:<br \/>\n\t\t\t\t<\/h3>\n<p>\n\t\t\t\t\t\tFactores emergentes que est\u00e1n redefiniendo el comercio mundial: oportunidades para Am\u00e9rica Latina y el Caribe\t\t\t\t\t<\/p>\n<p>En el \u00e1mbito del comercio internacional, como resultado de los problemas y vulnerabilidades e intereses geopol\u00edticos experimentados por los pa\u00edses, se ha puesto de manifiesto un conjunto de consideraciones que est\u00e1n influyendo en la naturaleza de las relaciones de negocios a nivel global. Algunos conceptos como la globalizaci\u00f3n, la concentraci\u00f3n de la producci\u00f3n en regiones o pa\u00edses con menores costos o de f\u00e1cil aprovisionamiento, cadenas de valor internacional, han dado lugar a \u201cnuevas consideraciones\u201d con la revalorizaci\u00f3n de otros conceptos con objetivos que trascienden m\u00e1s all\u00e1 de lo puramente econ\u00f3mico y comercial, como son: la seguridad de contar con los productos de manera ininterrumpida; la formaci\u00f3n de bloques comerciales con motivaciones geoestrat\u00e9gicas; formaci\u00f3n de nuevas alianzas comerciales; diversificaci\u00f3n de proveedores; la cercan\u00eda de las fuentes de aprovisionamiento; relocalizaci\u00f3n de la producci\u00f3n.<\/p>\n<h3>\n\t\t\t\t\t\tTema 3:<br \/>\n\t\t\t\t<\/h3>\n<p>\n\t\t\t\t\t\tFinanciamiento de la infraestructura como soporte de la competitividad de la regi\u00f3n en el mundo\t\t\t\t\t<\/p>\n<p>La infraestructura productiva tiene m\u00faltiples beneficios para los pa\u00edses y regiones. Uno de esos beneficios es que mejora la competitividad de los territorios para atraer inversiones de importantes empresas nacionales e internacionales y competir en los mercados externos. A su vez, vemos como las grandes econom\u00edas del mundo se involucran en iniciativas regionales y transcontinentales que incluyen una variedad de proyectos e involucran la movilizaci\u00f3n de grandes montos de financiaci\u00f3n e inversi\u00f3n, para configurar corredores de infraestructura f\u00edsica con enfoques comerciales y geopol\u00edticos.<\/p>\n<p>\t\t\t\t\t\t\t\t\t\t\t\t\t\t\t<img decoding=\"async\" width=\"1024\" height=\"28\" src=\"https:\/\/asambleaalide.org\/Asambleas\/alide_53\/wp-content\/uploads\/2023\/02\/rect552-1024x28.png\" alt=\"\" loading=\"lazy\" srcset=\"https:\/\/asambleaalide.org\/Asambleas\/alide_53\/wp-content\/uploads\/2023\/02\/rect552-1024x28.png 1024w, https:\/\/asambleaalide.org\/Asambleas\/alide_53\/wp-content\/uploads\/2023\/02\/rect552-300x8.png 300w, https:\/\/asambleaalide.org\/Asambleas\/alide_53\/wp-content\/uploads\/2023\/02\/rect552-768x21.png 768w, https:\/\/asambleaalide.org\/Asambleas\/alide_53\/wp-content\/uploads\/2023\/02\/rect552-1536x42.png 1536w, https:\/\/asambleaalide.org\/Asambleas\/alide_53\/wp-content\/uploads\/2023\/02\/rect552-2048x56.png 2048w\" sizes=\"(max-width: 1024px) 100vw, 1024px\" \/><br \/>\n\t\t\t\t\t\t\t\t\t\t\t\t\t\t\t<img decoding=\"async\" width=\"1024\" height=\"28\" src=\"https:\/\/asambleaalide.org\/Asambleas\/alide_53\/wp-content\/uploads\/2023\/02\/rect552-1024x28.png\" alt=\"\" loading=\"lazy\" srcset=\"https:\/\/asambleaalide.org\/Asambleas\/alide_53\/wp-content\/uploads\/2023\/02\/rect552-1024x28.png 1024w, https:\/\/asambleaalide.org\/Asambleas\/alide_53\/wp-content\/uploads\/2023\/02\/rect552-300x8.png 300w, https:\/\/asambleaalide.org\/Asambleas\/alide_53\/wp-content\/uploads\/2023\/02\/rect552-768x21.png 768w, https:\/\/asambleaalide.org\/Asambleas\/alide_53\/wp-content\/uploads\/2023\/02\/rect552-1536x42.png 1536w, https:\/\/asambleaalide.org\/Asambleas\/alide_53\/wp-content\/uploads\/2023\/02\/rect552-2048x56.png 2048w\" sizes=\"(max-width: 1024px) 100vw, 1024px\" \/><br \/>\n\t\t\t\t\t\t\t\t\t\t\t\t\t\t\t<img decoding=\"async\" width=\"1024\" height=\"339\" src=\"https:\/\/asambleaalide.org\/Asambleas\/alide_53\/wp-content\/uploads\/2023\/04\/logo-esp-1-1024x339.png\" alt=\"\" loading=\"lazy\" srcset=\"https:\/\/asambleaalide.org\/Asambleas\/alide_53\/wp-content\/uploads\/2023\/04\/logo-esp-1-1024x339.png 1024w, https:\/\/asambleaalide.org\/Asambleas\/alide_53\/wp-content\/uploads\/2023\/04\/logo-esp-1-300x99.png 300w, https:\/\/asambleaalide.org\/Asambleas\/alide_53\/wp-content\/uploads\/2023\/04\/logo-esp-1-768x254.png 768w, https:\/\/asambleaalide.org\/Asambleas\/alide_53\/wp-content\/uploads\/2023\/04\/logo-esp-1.png 1500w\" sizes=\"(max-width: 1024px) 100vw, 1024px\" \/><br \/>\n\t\t\t<strong>LUGAR Y FECHA<\/strong><\/p>\n<p>COPANTL Hotel &amp; Convention Center<br \/>\nResidencial Los Arcos, Blvr. del Sur 21104,<br \/>\nSan Pedro Sula, Honduras<br \/>\n<a href=\"https:\/\/copantl.com\/\">www.copantl.com<\/a><br \/>Mi\u00e9rcoles 31 de mayo al viernes 2 de junio del 2023<br \/>\n<strong>CONTACTO<\/strong><BR\/><BR\/><br \/>\nALIDE<BR\/><br \/>\n<strong>Marlene Zamora<\/strong><BR\/><br \/>\nJefe, Unidad de Conferencias<BR\/><br \/>\nCelular\/WhatsApp: (+51) 980421324<BR\/><br \/>\nE-mail:\u00a0<a style=\"color: #000;\" href=\"mailto:mzamora@alide.org\">mzamora@alide.org<\/a>\u00a0 \u00a0\/\u00a0 \u00a0<a style=\"color: #000;\" href=\"http:\/\/www.alide.org\">www.alide.org<\/a><br \/>\n\t\t\t\t\t<a href=\"https:\/\/www.facebook.com\/alideoficial\/\" target=\"_blank\" rel=\"noopener\"><br \/>\n\t\t\t\t\t\tFacebook<br \/>\n\t\t\t\t\t\t\t\t\t\t\t<\/a><br \/>\n\t\t\t\t\t<a href=\"https:\/\/twitter.com\/_ALIDE_\" target=\"_blank\" rel=\"noopener\"><br \/>\n\t\t\t\t\t\tTwitter<br \/>\n\t\t\t\t\t\t\t\t\t\t\t<\/a><br \/>\n\t\t\t\t\t<a href=\"https:\/\/www.youtube.com\/user\/ALIDEVIDEOS\" target=\"_blank\" rel=\"noopener\"><br \/>\n\t\t\t\t\t\tYoutube<br \/>\n\t\t\t\t\t\t\t\t\t\t\t<\/a><br \/>\n\t\t\t\t\t<a href=\"https:\/\/www.linkedin.com\/company\/alide---asociaci-n-latinoamericana-de-instituciones-financieras-para-el-desarrollo?trk=fc_badge&#038;original_referer=\" target=\"_blank\" rel=\"noopener\"><br \/>\n\t\t\t\t\t\tLinkedin<br \/>\n\t\t\t\t\t\t\t\t\t\t\t<\/a><\/p>\n","protected":false},"excerpt":{"rendered":"<p>TEMARIO Home \/ Temario Desarrollando el Potencial Intr\u00ednseco de Am\u00e9rica Latina y del Caribe frente al Mundo: unnuevo escenario y los desaf\u00edos y oportunidades para la banca de desarrollo Tema Central: Desarrollando el potencial intr\u00ednseco de Am\u00e9rica Latina y el Caribe frente al mundo: un nuevo escenario y los desaf\u00edos y [&hellip;]<\/p>\n","protected":false},"author":2,"featured_media":0,"parent":0,"menu_order":0,"comment_status":"closed","ping_status":"closed","template":"elementor_header_footer","meta":[],"translation":{"provider":"WPGlobus","version":"2.10.10","language":"es","enabled_languages":["es","en"],"languages":{"es":{"title":true,"content":true,"excerpt":false},"en":{"title":true,"content":true,"excerpt":false}}},"yoast_head":"<!-- This site is optimized with the Yoast SEO plugin v19.3 - https:\/\/yoast.com\/wordpress\/plugins\/seo\/ -->\n<title>TEMARIO - ALIDE 53<\/title>\n<meta name=\"robots\" content=\"index, follow, max-snippet:-1, max-image-preview:large, max-video-preview:-1\" \/>\n<link rel=\"canonical\" href=\"https:\/\/asambleaalide.org\/Asambleas\/alide_53\/temario\/\" \/>\n<meta property=\"og:locale\" content=\"es_ES\" \/>\n<meta property=\"og:type\" content=\"article\" \/>\n<meta property=\"og:title\" content=\"TEMARIO - ALIDE 53\" \/>\n<meta property=\"og:url\" content=\"https:\/\/asambleaalide.org\/Asambleas\/alide_53\/temario\/\" \/>\n<meta property=\"og:site_name\" content=\"ALIDE 53\" \/>\n<meta property=\"article:modified_time\" content=\"2023-04-19T14:03:20+00:00\" \/>\n<meta property=\"og:image\" content=\"https:\/\/asambleaalide.org\/Asambleas\/alide_53\/wp-content\/uploads\/2021\/09\/Asesoria-y-Auditoria-Tributaria-V02.jpg\" \/>\n\t<meta property=\"og:image:width\" content=\"1550\" \/>\n\t<meta property=\"og:image:height\" content=\"280\" \/>\n\t<meta property=\"og:image:type\" content=\"image\/jpeg\" \/>\n<meta name=\"twitter:card\" content=\"summary_large_image\" \/>\n<meta name=\"twitter:label1\" content=\"Tiempo de lectura\" \/>\n\t<meta name=\"twitter:data1\" content=\"5 minutos\" \/>\n<script type=\"application\/ld+json\" class=\"yoast-schema-graph\">{\"@context\":\"https:\/\/schema.org\",\"@graph\":[{\"@type\":\"WebSite\",\"@id\":\"https:\/\/asambleaalide.org\/Asambleas\/alide_53\/#website\",\"url\":\"https:\/\/asambleaalide.org\/Asambleas\/alide_53\/\",\"name\":\"ALIDE 53\",\"description\":\"ALIDE 53\",\"potentialAction\":[{\"@type\":\"SearchAction\",\"target\":{\"@type\":\"EntryPoint\",\"urlTemplate\":\"https:\/\/asambleaalide.org\/Asambleas\/alide_53\/?s={search_term_string}\"},\"query-input\":\"required name=search_term_string\"}],\"inLanguage\":\"es\"},{\"@type\":\"ImageObject\",\"inLanguage\":\"es\",\"@id\":\"https:\/\/asambleaalide.org\/Asambleas\/alide_53\/temario\/#primaryimage\",\"url\":\"https:\/\/asambleaalide.org\/Asambleas\/alide_53\/wp-content\/uploads\/2023\/02\/rect552.png\",\"contentUrl\":\"https:\/\/asambleaalide.org\/Asambleas\/alide_53\/wp-content\/uploads\/2023\/02\/rect552.png\",\"width\":7384,\"height\":202},{\"@type\":\"WebPage\",\"@id\":\"https:\/\/asambleaalide.org\/Asambleas\/alide_53\/temario\/\",\"url\":\"https:\/\/asambleaalide.org\/Asambleas\/alide_53\/temario\/\",\"name\":\"TEMARIO - ALIDE 53\",\"isPartOf\":{\"@id\":\"https:\/\/asambleaalide.org\/Asambleas\/alide_53\/#website\"},\"primaryImageOfPage\":{\"@id\":\"https:\/\/asambleaalide.org\/Asambleas\/alide_53\/temario\/#primaryimage\"},\"datePublished\":\"2022-07-23T16:45:06+00:00\",\"dateModified\":\"2023-04-19T14:03:20+00:00\",\"breadcrumb\":{\"@id\":\"https:\/\/asambleaalide.org\/Asambleas\/alide_53\/temario\/#breadcrumb\"},\"inLanguage\":\"es\",\"potentialAction\":[{\"@type\":\"ReadAction\",\"target\":[\"https:\/\/asambleaalide.org\/Asambleas\/alide_53\/temario\/\"]}]},{\"@type\":\"BreadcrumbList\",\"@id\":\"https:\/\/asambleaalide.org\/Asambleas\/alide_53\/temario\/#breadcrumb\",\"itemListElement\":[{\"@type\":\"ListItem\",\"position\":1,\"name\":\"Portada\",\"item\":\"https:\/\/asambleaalide.org\/Asambleas\/alide_53\/\"},{\"@type\":\"ListItem\",\"position\":2,\"name\":\"TEMARIO\"}]}]}<\/script>\n<!-- \/ Yoast SEO plugin. -->","yoast_head_json":{"title":"TEMARIO - ALIDE 53","robots":{"index":"index","follow":"follow","max-snippet":"max-snippet:-1","max-image-preview":"max-image-preview:large","max-video-preview":"max-video-preview:-1"},"canonical":"https:\/\/asambleaalide.org\/Asambleas\/alide_53\/temario\/","og_locale":"es_ES","og_type":"article","og_title":"TEMARIO - ALIDE 53","og_url":"https:\/\/asambleaalide.org\/Asambleas\/alide_53\/temario\/","og_site_name":"ALIDE 53","article_modified_time":"2023-04-19T14:03:20+00:00","og_image":[{"width":1550,"height":280,"url":"https:\/\/asambleaalide.org\/Asambleas\/alide_53\/wp-content\/uploads\/2021\/09\/Asesoria-y-Auditoria-Tributaria-V02.jpg","type":"image\/jpeg"}],"twitter_card":"summary_large_image","twitter_misc":{"Tiempo de lectura":"5 minutos"},"schema":{"@context":"https:\/\/schema.org","@graph":[{"@type":"WebSite","@id":"https:\/\/asambleaalide.org\/Asambleas\/alide_53\/#website","url":"https:\/\/asambleaalide.org\/Asambleas\/alide_53\/","name":"ALIDE 53","description":"ALIDE 53","potentialAction":[{"@type":"SearchAction","target":{"@type":"EntryPoint","urlTemplate":"https:\/\/asambleaalide.org\/Asambleas\/alide_53\/?s={search_term_string}"},"query-input":"required name=search_term_string"}],"inLanguage":"es"},{"@type":"ImageObject","inLanguage":"es","@id":"https:\/\/asambleaalide.org\/Asambleas\/alide_53\/temario\/#primaryimage","url":"https:\/\/asambleaalide.org\/Asambleas\/alide_53\/wp-content\/uploads\/2023\/02\/rect552.png","contentUrl":"https:\/\/asambleaalide.org\/Asambleas\/alide_53\/wp-content\/uploads\/2023\/02\/rect552.png","width":7384,"height":202},{"@type":"WebPage","@id":"https:\/\/asambleaalide.org\/Asambleas\/alide_53\/temario\/","url":"https:\/\/asambleaalide.org\/Asambleas\/alide_53\/temario\/","name":"TEMARIO - ALIDE 53","isPartOf":{"@id":"https:\/\/asambleaalide.org\/Asambleas\/alide_53\/#website"},"primaryImageOfPage":{"@id":"https:\/\/asambleaalide.org\/Asambleas\/alide_53\/temario\/#primaryimage"},"datePublished":"2022-07-23T16:45:06+00:00","dateModified":"2023-04-19T14:03:20+00:00","breadcrumb":{"@id":"https:\/\/asambleaalide.org\/Asambleas\/alide_53\/temario\/#breadcrumb"},"inLanguage":"es","potentialAction":[{"@type":"ReadAction","target":["https:\/\/asambleaalide.org\/Asambleas\/alide_53\/temario\/"]}]},{"@type":"BreadcrumbList","@id":"https:\/\/asambleaalide.org\/Asambleas\/alide_53\/temario\/#breadcrumb","itemListElement":[{"@type":"ListItem","position":1,"name":"Portada","item":"https:\/\/asambleaalide.org\/Asambleas\/alide_53\/"},{"@type":"ListItem","position":2,"name":"TEMARIO"}]}]}},"_links":{"self":[{"href":"https:\/\/asambleaalide.org\/Asambleas\/alide_53\/wp-json\/wp\/v2\/pages\/4269"}],"collection":[{"href":"https:\/\/asambleaalide.org\/Asambleas\/alide_53\/wp-json\/wp\/v2\/pages"}],"about":[{"href":"https:\/\/asambleaalide.org\/Asambleas\/alide_53\/wp-json\/wp\/v2\/types\/page"}],"author":[{"embeddable":true,"href":"https:\/\/asambleaalide.org\/Asambleas\/alide_53\/wp-json\/wp\/v2\/users\/2"}],"replies":[{"embeddable":true,"href":"https:\/\/asambleaalide.org\/Asambleas\/alide_53\/wp-json\/wp\/v2\/comments?post=4269"}],"version-history":[{"count":56,"href":"https:\/\/asambleaalide.org\/Asambleas\/alide_53\/wp-json\/wp\/v2\/pages\/4269\/revisions"}],"predecessor-version":[{"id":6100,"href":"https:\/\/asambleaalide.org\/Asambleas\/alide_53\/wp-json\/wp\/v2\/pages\/4269\/revisions\/6100"}],"wp:attachment":[{"href":"https:\/\/asambleaalide.org\/Asambleas\/alide_53\/wp-json\/wp\/v2\/media?parent=4269"}],"curies":[{"name":"wp","href":"https:\/\/api.w.org\/{rel}","templated":true}]}}